.
3
Suppose 2*k - 65 = f, -16*f - 15 = -21*f. What is the greatest common factor of 119 and k?
17
Let n(q) = -6*q + 24. Let y be n(-6). Let k(t) = t**2 - 14*t - 15. Let v be k(15). Suppose v = 3*j - 2*j - 15. What is the highest common divisor of y and j?
15
Suppose 5*b - 2*u - 10 = 0, -b + 6*b - 5 = u. Suppose -3*t - 5*s + 107 = b, 0*t - 4*t - 3*s = -139. What is the greatest common divisor of t and 238?
34
Let a = -811 + 835. Calculate the greatest common divisor of 84 and a.
12
Let q(n) = -2*n**2 - 42*n - 34. Let d be q(-20). Suppose 5*t + 20 + 75 = 0. Let g = t + 31. What is the greatest common divisor of d and g?
6
Let g(v) = -v - 4. Let j(y) = y + 3. Let w(l) = 3*g(l) + 4*j(l). Let a be w(8). What is the greatest common divisor of 32 and a?
8
Let d be (-1 - -6)/(-1 + 26/24). Let s = d - 42. What is the greatest common divisor of 2 and s?
2
Suppose -s - 3 - 6 = 3*r, -r = s + 5. Let y be -1 - (r - 0) - (-13 - 4). What is the highest common divisor of y and 144?
18
Suppose 95 = 5*v - 15. Calculate the greatest common divisor of v and 8.
2
Let h = -38 - -26. Let b(y) = y + 16. Let s be b(h). Let z be ((-30)/9)/((-1)/3). Calculate the highest common divisor of z and s.
2
Let h be (-12)/(-1*(-3)/(-50)). Let t(w) = 3*w**2 - 261*w - 1052. Let j be t(-4). Calculate the highest common factor of h and j.
40
Let t be (46/8 + -5)/((-1)/(-8)). Calculate the greatest common factor of 1 and t.
1
Let n(v) = -3*v + 8. Let t be (-3)/(-1) - (-2)/(10/(-15)). Let h be n(t). Calculate the highest common divisor of h and 16.
8
Let s be 1 - (-5 + -58 + -4). What is the highest common factor of s and 34?
34
Suppose 0 = -4*f - 4. Let k be f + -1 + -1 - -17. What is the greatest common factor of 14 and k?
14
Suppose 3*p + 42 = 4*n, -3*p + 3 = -0*n + n. Let s = -21 - -21. Let c(m) = 2*m**2 - m + 3. Let u be c(s). What is the highest common factor of n and u?
3
Let x be 195/75 - 4/(-10). Suppose x*h - 576 = -h. Calculate the greatest common factor of h and 18.
18
Let m be -2 - -2 - (18 + -98). What is the greatest common divisor of m and 2?
2
Suppose 5*t - 87 = -3*m, -3*m = 4*t - 5*t + 3. Let g = t - -35. What is the highest common factor of 10 and g?
10
Suppose 5*g = 2*u + 27, -4*u - 26 = -3*u - 5*g. Let i be (-4 - -14)*(0 + u). Let p be i*(9/(-6) - 2). Calculate the highest common factor of 7 and p.
7
Let a be 182/(-49)*-2*(-14)/(-4). Let x = a + -24. What is the greatest common divisor of 1 and x?
1
Suppose 4*m - 26 = 38. What is the greatest common divisor of m and 80?
16
Let t(o) = 2*o**3 + 3*o**2 - 31*o - 20. Let h be t(5). Calculate the highest common factor of 190 and h.
10
Suppose -5*c = i - 182, i + 3*c = -4*i + 954. What is the highest common factor of 84 and i?
12
Suppose 0 = -2*g - 3*g + 105. Let m be (-84)/(-24)*(-1 - -49). What is the highest common factor of m and g?
21
Suppose -2*c + 15 + 13 = 0. Suppose -4*p - c = -34. Suppose -p = -f + 3. What is the greatest common divisor of 24 and f?
8
Let p be (-434)/12 - 7/(-42). Let u = p - -112. Suppose -2 = -0*q + 2*q, -u = -o + 4*q. What is the highest common divisor of o and 8?
8
Suppose 59 + 319 = 21*j. What is the highest common factor of j and 36?
18
Suppose 46*w + 266 = 60*w. What is the highest common divisor of 4 and w?
1
Suppose 34*z = 3*z + 1829. Calculate the greatest common factor of z and 1003.
59
Let s = 21 + -21. Suppose -2*j + 21 = -s*y - y, -2*j - 4*y + 36 = 0. Calculate the greatest common divisor of 4 and j.
4
Let w(z) = z**3 - 2*z + 1. Let j be w(-2). Let c(f) = f**2 + 10*f - 53. Let d be c(-13). Let p = j - d. Calculate the highest common factor of 55 and p.
11
Suppose 44*c - 17*c = 648. Calculate the highest common factor of 3360 and c.
24
Let q be (-530)/1855 - 137*(-4)/7. What is the highest common factor of 1599 and q?
39
Let f be (15 + -5)/5 + 3. Suppose -u + f*m + 0*m + 168 = 0, -5*u = 4*m - 753. Calculate the highest common divisor of 17 and u.
17
Let v(s) = 2*s + 76. Let f be v(-30). What is the highest common factor of 352 and f?
16
Let l be ((-64)/6)/(2/(-21)). Calculate the greatest common divisor of 16 and l.
16
Let c be (0 - 9) + 4 - -56. What is the highest common divisor of 765 and c?
51
Suppose -5*m + 3*m = -2*o - 2, -2 = -o. Let q be (-7)/28 - 13/(-4). What is the greatest common factor of m and q?
3
Let f = 2136 - 1983. Calculate the highest common divisor of f and 17.
17
Let v(o) = 6*o**2 - 13*o + 17. Let k be v(5). Calculate the greatest common divisor of k and 24.
6
Let n(o) = o**3 + 6*o**2 - 6*o + 1. Let h be ((-24)/10)/((-3)/30). Let v = h - 29. Let y be n(v). Calculate the greatest common divisor of 8 and y.
8
Let s = -95 - -138. Let w = 97 - s. Calculate the greatest common divisor of w and 36.
18
Let g = -80 - -107. Calculate the highest common factor of 1 and g.
1
Let o(k) = -2*k - 3. Let s be o(3). Suppose -3*g - 33 = 3*p, 2*g + 2*p + p + 19 = 0. Let y = s - g. What is the highest common divisor of y and 20?
5
Suppose 0 = -643*w + 648*w - 150. Suppose -z + 3*r + 9 = 4*r, -5*r - 7 = z. Suppose -2*v = -33 + z. Calculate the highest common factor of w and v.
10
Suppose 0 = 5*x - 3*u - 106, -33 = -2*x - 4*u - 1. Suppose 0 = -3*p - x + 113. Calculate the greatest common factor of 155 and p.
31
Let w(k) = 3*k - 5. Let x be w(6). Calculate the greatest common divisor of x and 2821.
13
Suppose 4*t = t + 99. Let s = -77 + 88. Let a(c) = 4*c - 22. Let w be a(s). What is the greatest common factor of w and t?
11
Suppose z = 52 + 119. Let h be (1 - (2 - -1)) + 21. Let q be (-1)/(3/(-3))*h. What is the highest common factor of z and q?
19
Let b(c) = c**2 + 12*c + 16. Let i be (-348)/24 + 2/4. Let y be b(i). Calculate the highest common factor of 132 and y.
44
Suppose 2*j = 4*j + 36. Let g be 398/4 + (-9)/j. Suppose 5*u - u - g = 0. What is the highest common factor of u and 25?
25
Let n(h) = 2*h**2 - 6*h + 4. Let u(m) = -m**2 - 13*m - 11. Let o be u(-12). Let q = 5 + o. Let i be n(q). Calculate the greatest common divisor of 8 and i.
8
Let v = 33 - -93. Let f = 9408 - 9394. Calculate the highest common divisor of f and v.
14
Suppose 26*v - 81 = 23*v. Suppose 0 = -v*h + 11*h + 96. Calculate the greatest common divisor of h and 42.
6
Suppose -329*h + g + 51 = -327*h, 0 = 4*g - 12. Calculate the highest common factor of h and 225.
9
Let z(v) = 2*v**2 + 16*v + 8. Let f be z(-12). Let b = -4 + 17. What is the highest common factor of f and b?
13
Let i = -496 - -500. What is the greatest common divisor of i and 14?
2
Suppose 4 = -2*k, -x - 2 = x + 5*k. Suppose x*s = 4*p + 16, 2*s = -3*s + 25. What is the highest common divisor of 4 and p?
1
Let p(x) = -x**3 + 38*x**2 + x + 42. Let j be p(38). What is the highest common divisor of 32 and j?
16
Suppose 0 = 2*n + 17 - 77. Suppose 69*g = 65*g + 3*d + 80, -4*g + 4*d = -80. Calculate the greatest common divisor of g and n.
10
Suppose -15*i = -8*i - 1512. What is the greatest common divisor of i and 18?
18
Suppose 4*y - 2*o - 230 = 0, 125 = -0*y + 2*y - 3*o. Let u be y/((-5)/3 - -2). Let w = 102 - 87. What is the highest common factor of u and w?
15
Let w be (3 + 0)/(3/65). What is the highest common factor of 650 and w?
65
Let t be (4/12)/(3/117). Let p(x) = 130*x**2 + 2*x + 2. Let a be p(-1). Calculate the greatest common divisor of t and a.
13
Let j be ((-16)/(4 - 0))/((-1)/(-6)). Let m be (-304)/(-22) - j/132. Calculate the highest common divisor of 2 and m.
2
Suppose -3*z - i + 8 = -6, 4*z + 3 = 3*i. Let t = z - -1. Let y be (-15)/(-1*t/4). Calculate the highest common factor of 3 and y.
3
Let f = 114 - 86. Suppose s - 26 - 6 = 0. Let w = s + -18. What is the greatest common divisor of w and f?
14
Suppose -42*d = -37*d - 5. Let j(o) = 17*o**2 - 4*o + 3. Let r be j(d). What is the greatest common factor of r and 16?
16
Let i = 874 - 640. Calculate the highest common divisor of 52 and i.
26
Let w(j) = j**3 - 12*j**2 + 4*j + 18. Let r be w(12). Calculate the greatest common factor of r and 6.
6
Suppose 0 = n - 6*n + 20. Suppose -3*h + 0*r + 245 = 5*r, 4*h + n*r = 340. Calculate the greatest common factor of h and 60.
30
Suppose -2 - 2 = -o. Suppose -o*i + 254 = 2*m, -i + 3*m = 4*m - 61. Calculate the greatest common divisor of i and 44.
22
Let g = 979 - 966. Calculate the greatest common factor of g and 832.
13
Suppose 0 = -5*b